igit of 33534877?
8
What is the hundred thousands digit of 2624864776?
8
What is the units digit of 24256109?
9
What is the hundred thousands digit of 70645581?
6
What is the ten thousands digit of 17437741?
3
What is the billions digit of 2318229962?
2
What is the hundred thousands digit of 38410842?
4
What is the ten millions digit of 153720672?
5
What is the units digit of 925202816?
6
What is the millions digit of 6515282326?
5
What is the tens digit of 180028488?
8
What is the billions digit of 4442850701?
4
What is the ten thousands digit of 2543237761?
3
What is the hundreds digit of 29273119?
1
What is the hundred thousands digit of 39577076?
5
What is the ten thousands digit of 89875981?
7
What is the hundred thousands digit of 12657228?
6
What is the units digit of 18226238?
8
What is the units digit of 2638323489?
9
What is the hundreds digit of 12683935?
9
What is the thousands digit of 8050191?
0
What is the units digit of 627633233?
3
What is the hundred millions digit of 225080699?
2
What is the thousands digit of 1080044771?
4
What is the thousands digit of 600219401?
9
What is the millions digit of 27427140?
7
What is the tens digit of 1670025851?
5
What is the hundred thousands digit of 264162559?
1
What is the ten thousands digit of 48784369?
8
What is the billions digit of 4796552234?
4
What is the hundred millions digit of 100517317?
1
What is the hundred millions digit of 2047771553?
0
What is the hundred millions digit of 529491303?
5
What is the hundreds digit of 173022704?
7
What is the ten millions digit of 1532885310?
3
What is the hundred millions digit of 4643668831?
6
What is the thousands digit of 16344759?
4
What is the units digit of 1402935126?
6
What is the thousands digit of 8542126?
2
What is the ten thousands digit of 5162845477?
4
What is the ten thousands digit of 90285320?
8
What is the units digit of 76890124?
4
What is the ten thousands digit of 844272619?
7
What is the hundred millions digit of 916262992?
9
What is the millions digit of 17298659?
7
What is the hundred thousands digit of 213874599?
8
What is the hundred millions digit of 1719497674?
7
What is the ten thousands digit of 1940025784?
2
What is the tens digit of 50186710?
1
What is the ten millions digit of 69965113?
6
What is the hundreds digit of 1936530258?
2
What is the tens digit of 433590557?
5
What is the tens digit of 86751664?
6
What is the ten millions digit of 453170429?
5
What is the thousands digit of 81282332?
2
What is the units digit of 125844419?
9
What is the ten millions digit of 72756777?
7
What is the tens digit of 15241390?
9
What is the ten thousands digit of 202865118?
6
What is the billions digit of 3451862449?
3
What is the units digit of 317520263?
3
What is the ten millions digit of 126742338?
2
What is the tens digit of 39244515?
1
What is the tens digit of 72439695?
9
What is the millions digit of 105731702?
5
What is the hundred thousands digit of 2721726103?
7
What is the thousands digit of 715405837?
5
What is the thousands digit of 255538235?
8
What is the thousands digit of 277954223?
4
What is the hundreds digit of 123951255?
2
What is the millions digit of 2821878174?
1
What is the hundred millions digit of 1291994901?
2
What is the millions digit of 88374818?
8
What is the ten millions digit of 292564019?
9
What is the hundred millions digit of 4234726288?
2
What is the tens digit of 2416577985?
8
What is the hundred thousands digit of 2470046763?
0
What is the hundred millions digit of 280134219?
2
What is the thousands digit of 99048973?
8
What is the ten millions digit of 29823230?
2
What is the hundred thousands digit of 104956374?
9
What is the hundred millions digit of 1398691413?
3
What is the tens digit of 601427184?
8
What is the tens digit of 57116060?
6
What is the ten millions digit of 824367127?
2
What is the hundred millions digit of 1152731850?
1
What is the tens digit of 257214779?
7
What is the thousands digit of 30773653?
3
What is the ten millions digit of 64613286?
6
What is the tens digit of 64276917?
1
What is the units digit of 97477416?
6
What is the hundred thousands digit of 145035550?
0
What is the hundreds digit of 546056777?
7
What is the ten thousands digit of 194091695?
9
What is the ten millions digit of 51706905?
5
What is the hundred millions digit of 104685044?
1
What is the units digit of 1096466962?
2
What is the millions digit of 146148760?
6
What is the hundred thousands digit of 114311018?
3
What is the hundreds digit of 99207424?
4
What is the tens digit of 359841675?
7
What is the ten thousands digit of 5822101?
2
What is the hundred millions digit of 125325790?
1
What is the ten thousands digit of 2213113282?
1
What is the ten thousands digit of 49238689?
3
What is the hundreds digit of 69221304?
3
What is the units digit of 39529827?
7
What is the hundred millions digit of 129532440?
1
What is the billions digit of 1243341775?
1
What is the ten millions digit of 2157040318?
5
What is the thousands digit of 324660371?
0
What is the ten millions digit of 120363804?
2
What is the ten millions digit of 233377346?
3
What is the ten thousands digit of 229603629?
0
What is the millions digit of 1789976563?
9
What is the thousands digit of 535143546?
3
What is the ten millions digit of 160284305?
6
What is the ten millions digit of 791049421?
9
What is the millions digit of 2656875713?
6
What is the ten thousands digit of 2733785050?
8
What is the ten millions digit of 59205515?
5
What is the millions digit of 32911669?
2
What is the ten millions digit of 167737685?
6
What is the ten thousands digit of 338864540?
6
What is the hundreds digit of 922112542?
5
What is the units digit of 233816065?
5
What is the thousands digit of 263007784?
7
What is the hundred thousands digit of 595469988?
4
What is the units digit of 877911032?
2
What is the ten millions digit of 106122711?
0
What is the thousands digit of 17890741?
0
What is the thousands digit of 276049913?
9
What is the ten thousands digit of 11764397?
6
What is the hundreds digit of 71605114?
1
What is the units digit of 920856227?
7
What is the hundreds digit of 37837376?
3
What is the ten thousands digit of 122444140?
4
What is the units digit of 19980856?
6
What is the ten thousands digit of 347083318?
8
What is the tens digit of 196335153?
5
What is the units digit of 7472162219?
9
What is the thousands digit of 7440206176?
6
What is the hundred thousands digit of 80198206?
1
What is the millions digit of 114419400?
4
What is the hundreds digit of 29401546?
5
What is the billions digit of 1707591361?
1
What is the hundreds digit of 3868789396?
3
What is the units digit of 456123264?
4
What is the ten thousands digit of 3649208177?
0
What is the ten thousands digit of 3941483803?
8
What is the ten millions digit of 338824140?
3
What is the thousands digit of 807050123?
0
What is the hundred millions digit of 485734707?
4
What is the billions digit of 8952343215?
8
What is the thousands digit of 36453707?
3
What is the millions digit of 78391825?
8
What is the millions digit of 405461489?
5
What is the hundreds digit of 509785569?
5
What is the billions digit of 5510379341?
5
What is the units digit of 3413567101?
1
What is the units digit of 1679734098?
8
What is the thousands digit of 2673869?
3
What is the thousands digit of 65834569?
4
What is the millions digit of 1125621149?
5
What is the ten millions digit of 330482361?
3
What is the millions digit of 254567792?
4
What is the ten millions digit of 1942157129?
4
What is the thousands digit of 35418220?
8
What is the ten millions digit of 1493151381?
9
What is the units digit of 237575628?
8
What is the hundred millions digit of 109450593?
1
What is the billions digit of 3899461806?
3
What is the ten thousands digit of 34609959?
0
What is the millions digit of 150983714?
0
What is the ten millions digit of 890463140?
9
What is the ten millions digit of 39713866?
3
What is the hundred thousands digit of 21724973?
7
What is the units digit of 4065342678?
8
What is the ten thousands digit of 1513309542?
0
What is the thousands digit of 59062444?
2
What is the thousands digit of 4147513867?
3
What is the ten millions digit of 80348507?
8
What is the thou